{"id":964,"date":"2022-12-13T14:35:16","date_gmt":"2022-12-13T13:35:16","guid":{"rendered":"http:\/\/resanet.in2p3.fr\/?page_id=964"},"modified":"2022-12-14T09:26:36","modified_gmt":"2022-12-14T08:26:36","slug":"lien-vers-des-actions-communications","status":"publish","type":"page","link":"https:\/\/resanet.in2p3.fr\/?page_id=964","title":{"rendered":"Lien vers des actions communications"},"content":{"rendered":"\n<p>Cette page pr\u00e9sente un ensemble de liens vers des actions de communications en physique nucl\u00e9aire.<\/p>\n\n\n\n<div id=\"ez-toc-container\" class=\"ez-toc-v2_0_55 counter-hierarchy ez-toc-counter ez-toc-white ez-toc-container-direction\">\n<div class=\"ez-toc-title-container\">\n<p class=\"ez-toc-title \" >Table of contents<\/p>\n<span class=\"ez-toc-title-toggle\"><a href=\"#\" class=\"ez-toc-pull-right ez-toc-btn ez-toc-btn-xs ez-toc-btn-default ez-toc-toggle\" aria-label=\"Toggle Table of Content\" role=\"button\"><label for=\"item-69f6346c1f6f0\" ><span class=\"\"><span style=\"display:none;\">Toggle<\/span><span class=\"ez-toc-icon-toggle-span\"><svg style=\"fill: #999;color:#999\" xmlns=\"http:\/\/www.w3.org\/2000\/svg\" class=\"list-377408\" width=\"20px\" height=\"20px\" viewBox=\"0 0 24 24\" fill=\"none\"><path d=\"M6 6H4v2h2V6zm14 0H8v2h12V6zM4 11h2v2H4v-2zm16 0H8v2h12v-2zM4 16h2v2H4v-2zm16 0H8v2h12v-2z\" fill=\"currentColor\"><\/path><\/svg><svg style=\"fill: #999;color:#999\" class=\"arrow-unsorted-368013\" xmlns=\"http:\/\/www.w3.org\/2000\/svg\" width=\"10px\" height=\"10px\" viewBox=\"0 0 24 24\" version=\"1.2\" baseProfile=\"tiny\"><path d=\"M18.2 9.3l-6.2-6.3-6.2 6.3c-.2.2-.3.4-.3.7s.1.5.3.7c.2.2.4.3.7.3h11c.3 0 .5-.1.7-.3.2-.2.3-.5.3-.7s-.1-.5-.3-.7zM5.8 14.7l6.2 6.3 6.2-6.3c.2-.2.3-.5.3-.7s-.1-.5-.3-.7c-.2-.2-.4-.3-.7-.3h-11c-.3 0-.5.1-.7.3-.2.2-.3.5-.3.7s.1.5.3.7z\"\/><\/svg><\/span><\/span><\/label><input aria-label=\"Toggle\" aria-label=\"item-69f6346c1f6f0\"  type=\"checkbox\" id=\"item-69f6346c1f6f0\"><\/a><\/span><\/div>\n<nav><ul class='ez-toc-list ez-toc-list-level-1 ' ><li class='ez-toc-page-1 ez-toc-heading-level-3'><a class=\"ez-toc-link ez-toc-heading-1\" href=\"https:\/\/resanet.in2p3.fr\/?page_id=964\/#Visites_virtuelles_de_laboratoires\" title=\"Visites virtuelles de laboratoires\">Visites virtuelles de laboratoires<\/a><\/li><li class='ez-toc-page-1 ez-toc-heading-level-3'><a class=\"ez-toc-link ez-toc-heading-2\" href=\"https:\/\/resanet.in2p3.fr\/?page_id=964\/#TV_Videos_radio_%E2%80%A6\" title=\"TV, Vid\u00e9os, radio, &#8230; \">TV, Vid\u00e9os, radio, &#8230; <\/a><\/li><li class='ez-toc-page-1 ez-toc-heading-level-3'><a class=\"ez-toc-link ez-toc-heading-3\" href=\"https:\/\/resanet.in2p3.fr\/?page_id=964\/#Mediatheques\" title=\"M\u00e9diath\u00e8ques \">M\u00e9diath\u00e8ques <\/a><\/li><li class='ez-toc-page-1 ez-toc-heading-level-3'><a class=\"ez-toc-link ez-toc-heading-4\" href=\"https:\/\/resanet.in2p3.fr\/?page_id=964\/#Theatre\" title=\"Th\u00e9\u00e2tre \">Th\u00e9\u00e2tre <\/a><\/li><li class='ez-toc-page-1 ez-toc-heading-level-3'><a class=\"ez-toc-link ez-toc-heading-5\" href=\"https:\/\/resanet.in2p3.fr\/?page_id=964\/#Actions_de_communications_plus_generales\" title=\"Actions de communications plus g\u00e9n\u00e9rales\">Actions de communications plus g\u00e9n\u00e9rales<\/a><\/li><li class='ez-toc-page-1 ez-toc-heading-level-3'><a class=\"ez-toc-link ez-toc-heading-6\" href=\"https:\/\/resanet.in2p3.fr\/?page_id=964\/#Blogs_et_series\" title=\"Blogs et s\u00e9ries\">Blogs et s\u00e9ries<\/a><\/li><li class='ez-toc-page-1 ez-toc-heading-level-3'><a class=\"ez-toc-link ez-toc-heading-7\" href=\"https:\/\/resanet.in2p3.fr\/?page_id=964\/#Enseignements_et_MOOCS\" title=\"Enseignements et MOOCS \">Enseignements et MOOCS <\/a><\/li><li class='ez-toc-page-1 ez-toc-heading-level-3'><a class=\"ez-toc-link ez-toc-heading-8\" href=\"https:\/\/resanet.in2p3.fr\/?page_id=964\/#Societes_scientifiques\" title=\"Soci\u00e9t\u00e9s scientifiques \">Soci\u00e9t\u00e9s scientifiques <\/a><\/li><\/ul><\/nav><\/div>\n<h3 class=\"wp-block-heading\"><span class=\"ez-toc-section\" id=\"Visites_virtuelles_de_laboratoires\"><\/span>Visites virtuelles de laboratoires:<span class=\"ez-toc-section-end\"><\/span><\/h3>\n\n\n\n<ul class=\"wp-block-list\">\n<li><a rel=\"noreferrer noopener\" aria-label=\"Visite virtuelle du GANIL (s\u2019ouvre dans un nouvel onglet)\" href=\"https:\/\/u.ganil-spiral2.eu\/virtualvisit_fr\/\" target=\"_blank\">Visite virtuelle du GANIL<\/a>, et courte <a href=\"https:\/\/www.dailymotion.com\/video\/x7wx41s\" target=\"_blank\" rel=\"noreferrer noopener\" aria-label=\"video (s\u2019ouvre dans un nouvel onglet)\">video<\/a>.<\/li>\n<\/ul>\n\n\n\n<h3 class=\"wp-block-heading\"><span class=\"ez-toc-section\" id=\"TV_Videos_radio_%E2%80%A6\"><\/span>TV, Vid\u00e9os, radio, &#8230; <span class=\"ez-toc-section-end\"><\/span><\/h3>\n\n\n\n<ul class=\"wp-block-list\">\n<li>\u00c9mission<a rel=\"noreferrer noopener\" aria-label=\" radio France-culture &quot;La conversation scientifique&quot;  (s\u2019ouvre dans un nouvel onglet)\" href=\"https:\/\/www.franceculture.fr\/emissions\/la-conversation-scientifique\/linfiniment-petit-et-ses-grandes-questions-0\" target=\"_blank\"> radio France-culture \u00ab\u00a0La conversation scientifique\u00a0\u00bb <\/a>(d\u00e9cembre 2019) anim\u00e9e par Etienne Klein avec comme invit\u00e9es Marine Vandebrouck and Nathalie Besson.<\/li>\n\n\n\n<li><a rel=\"noreferrer noopener\" aria-label=\"Les creusets stellaires (s\u2019ouvre dans un nouvel onglet)\" href=\"https:\/\/www.youtube.com\/watch?v=WHSlzHtT9yQ\" target=\"_blank\">Les creusets stellaires<\/a> (avril 2017), CEA Sciences.<\/li>\n\n\n\n<li><a rel=\"noreferrer noopener\" aria-label=\"Fusion vs Fission nucl\u00e9aire (s\u2019ouvre dans un nouvel onglet)\" href=\"https:\/\/www.youtube.com\/watch?v=1MUcizMqVAc\" target=\"_blank\">Fusion vs Fission nucl\u00e9aire<\/a> (avril 2016), scienceEtonnante.<\/li>\n\n\n\n<li><a rel=\"noreferrer noopener\" aria-label=\"La fusion nucl\u00e9aire peut-elle nous sauver ? (s\u2019ouvre dans un nouvel onglet)\" href=\"https:\/\/www.youtube.com\/watch?v=-UC8eSbQiWU\" target=\"_blank\">La fusion nucl\u00e9aire peut-elle nous sauver ?<\/a> (Octobre 2016), FUTUREMAG &#8211; ARTE<\/li>\n\n\n\n<li><a rel=\"noreferrer noopener\" aria-label=\"La vall\u00e9e de la stabilit\u00e9, la physique nucl\u00e9aire anim\u00e9e (s\u2019ouvre dans un nouvel onglet)\" href=\"https:\/\/www.youtube.com\/watch?v=VZHpAwSGYZE\" target=\"_blank\">La vall\u00e9e de la stabilit\u00e9, la physique nucl\u00e9aire anim\u00e9e<\/a> (f\u00e9vrier 2012), CEA Sciences.<\/li>\n\n\n\n<li><a href=\"https:\/\/filesender.renater.fr\/?s=download&amp;token=2edae5e0-3e19-4264-bbd2-9bacd22a781d\" target=\"_blank\" rel=\"noreferrer noopener\" aria-label=\"Les 100 ans du noyau atomique (s\u2019ouvre dans un nouvel onglet)\">Les 100 ans du noyau atomique<\/a>, conf\u00e9rence de Mme A. Lopez-Martens, IJCLab (octobre 2011), CERN.<\/li>\n<\/ul>\n\n\n\n<h3 class=\"wp-block-heading\"><span class=\"ez-toc-section\" id=\"Mediatheques\"><\/span>M\u00e9diath\u00e8ques :<span class=\"ez-toc-section-end\"><\/span><\/h3>\n\n\n\n<ul class=\"wp-block-list\">\n<li>La m\u00e9diath\u00e8que <a href=\"https:\/\/www.cea.fr\/multimedia\/Pages\/videos\/terre-univers.aspx\" target=\"_blank\" rel=\"noreferrer noopener\" aria-label=\"Mati\u00e8re &amp; Univers (s\u2019ouvre dans un nouvel onglet)\">Mati\u00e8re &amp; Univers<\/a>, CEA <\/li>\n<\/ul>\n\n\n\n<h3 class=\"wp-block-heading\"><span class=\"ez-toc-section\" id=\"Theatre\"><\/span>Th\u00e9\u00e2tre :<span class=\"ez-toc-section-end\"><\/span><\/h3>\n\n\n\n<ul class=\"wp-block-list\">\n<li><a rel=\"noreferrer noopener\" aria-label=\"Fission (s\u2019ouvre dans un nouvel onglet)\" href=\"https:\/\/www.theatre-contemporain.net\/spectacles\/Fission\/\" target=\"_blank\">Fission<\/a>, texte de Olivier Treiner et Jacques Treiner, mise en sc\u00e8ne Vincent Debost. <em>Fission&nbsp;<\/em>raconte comment la d\u00e9couverte de la fission nucl\u00e9aire en 1938, six mois avant le d\u00e9but de la Seconde Guerre mondiale, fut un catalyseur tragique de la fission, par la guerre et le nazisme, de la petite communaut\u00e9 de scientifiques seuls inform\u00e9s des possibilit\u00e9s meurtri\u00e8res de cette d\u00e9couverte, et interroge la fa\u00e7on dont surv\u00e9curent certains protagonistes des \u00e9v\u00e9nements qui s\u2019ensuivirent.<\/li>\n\n\n\n<li><a rel=\"noreferrer noopener\" aria-label=\"Copenhagen (s\u2019ouvre dans un nouvel onglet)\" href=\"https:\/\/en.wikipedia.org\/wiki\/Copenhagen_(play)\" target=\"_blank\">Copenhagen<\/a>, texte de Michael Frayn.<\/li>\n<\/ul>\n\n\n\n<h3 class=\"wp-block-heading\"><span class=\"ez-toc-section\" id=\"Actions_de_communications_plus_generales\"><\/span>Actions de communications plus g\u00e9n\u00e9rales<span class=\"ez-toc-section-end\"><\/span><\/h3>\n\n\n\n<ul class=\"wp-block-list\">\n<li><a rel=\"noreferrer noopener\" aria-label=\"Bar des sciences (s\u2019ouvre dans un nouvel onglet)\" href=\"http:\/\/www.bardessciences.net\" target=\"_blank\">Bar des sciences<\/a>, Paris<\/li>\n\n\n\n<li><a href=\"https:\/\/www.maisons-pour-la-science.org\" target=\"_blank\" rel=\"noreferrer noopener\" aria-label=\"Maisons pour la science (s\u2019ouvre dans un nouvel onglet)\">Maisons pour la science<\/a><\/li>\n\n\n\n<li><a rel=\"noreferrer noopener\" aria-label=\"Journ\u00e9e sciences et m\u00e9dia (s\u2019ouvre dans un nouvel onglet)\" href=\"https:\/\/smf.emath.fr\/evenements-smf\/journee-sciences-et-medias-2014-lenjeu-du-numerique\" target=\"_blank\">Journ\u00e9e sciences et m\u00e9dia<\/a>, l&rsquo;enjeu du num\u00e9rique, CNSM Paris 2014<\/li>\n<\/ul>\n\n\n\n<h3 class=\"wp-block-heading\"><span class=\"ez-toc-section\" id=\"Blogs_et_series\"><\/span>Blogs et s\u00e9ries:<span class=\"ez-toc-section-end\"><\/span><\/h3>\n\n\n\n<ul class=\"wp-block-list\">\n<li><a rel=\"noreferrer noopener\" aria-label=\"K\u00e9ZaKo (s\u2019ouvre dans un nouvel onglet)\" href=\"http:\/\/kezako.unisciel.fr\" target=\"_blank\">K\u00e9ZaKo<\/a><\/li>\n\n\n\n<li><a rel=\"noreferrer noopener\" href=\"https:\/\/www.youtube.com\/channel\/UCAOyI7wDFAZtOmNwZhg2oeg\" target=\"_blank\">Quantum Kate<\/a>, Un coll\u00e8gue danois a produit un dessin anim\u00e9 destin\u00e9 \u00e0 promouvoir la physique chez les filles de 12-14 ans. <\/li>\n<\/ul>\n\n\n\n<h3 class=\"wp-block-heading\"><span class=\"ez-toc-section\" id=\"Enseignements_et_MOOCS\"><\/span>Enseignements et MOOCS :<span class=\"ez-toc-section-end\"><\/span><\/h3>\n\n\n\n<ul class=\"wp-block-list\">\n<li>Training in Advanced Low Energy Nuclear Theory (<a rel=\"noreferrer noopener\" aria-label=\"TALENT (s\u2019ouvre dans un nouvel onglet)\" href=\"https:\/\/fribtheoryalliance.org\/TALENT\/\" target=\"_blank\">TALENT<\/a>)<\/li>\n\n\n\n<li>Des particules aux \u00e9toiles (<a rel=\"noreferrer noopener\" aria-label=\"UPS (s\u2019ouvre dans un nouvel onglet)\" href=\"https:\/\/www.sfpnet.fr\/mooc-des-particules-aux-etoiles\" target=\"_blank\">UPS<\/a>)<\/li>\n\n\n\n<li><a rel=\"noreferrer noopener\" aria-label=\"Universit\u00e9 en Ligne  (s\u2019ouvre dans un nouvel onglet)\" href=\"http:\/\/uel.unisciel.fr\" target=\"_blank\">Universit\u00e9 en ligne <\/a>(<a rel=\"noreferrer noopener\" aria-label=\"unisciel (s\u2019ouvre dans un nouvel onglet)\" href=\"http:\/\/www.unisciel.fr\" target=\"_blank\">unisciel<\/a>)\n<ul class=\"wp-block-list\">\n<li><a rel=\"noreferrer noopener\" aria-label=\"faq2Sciences (s\u2019ouvre dans un nouvel onglet)\" href=\"https:\/\/www.faq2sciences.fr\" target=\"_blank\">faq2Sciences<\/a>: tests de positionnement avant l&rsquo;entr\u00e9e \u00e0 l&rsquo;universit\u00e9.<\/li>\n\n\n\n<li><a rel=\"noreferrer noopener\" aria-label=\"PAC (s\u2019ouvre dans un nouvel onglet)\" href=\"http:\/\/pac.unisciel.fr\" target=\"_blank\">PAC<\/a>: p\u00e9dagoth\u00e8que adapt\u00e9e au cursus<\/li>\n\n\n\n<li>banque de tests de positionnement: tester les pr\u00e9requis ou valider les acquis<\/li>\n\n\n\n<li><a rel=\"noreferrer noopener\" aria-label=\"SOLCES (s\u2019ouvre dans un nouvel onglet)\" href=\"http:\/\/socles3.unisciel.fr\" target=\"_blank\">SOLCES<\/a>: modules d&rsquo;appui \u00e0 la licence (L1, L2, L3) ouverts par 41 Universit\u00e9s et Grandes Ecoles.<\/li>\n<\/ul>\n<\/li>\n<\/ul>\n\n\n\n<h3 class=\"wp-block-heading\"><span class=\"ez-toc-section\" id=\"Societes_scientifiques\"><\/span>Soci\u00e9t\u00e9s scientifiques :<span class=\"ez-toc-section-end\"><\/span><\/h3>\n\n\n\n<ul class=\"wp-block-list\">\n<li>F\u00e9d\u00e9ration Fran\u00e7aise de Soci\u00e9t\u00e9s Scientifiques (<a rel=\"noreferrer noopener\" aria-label=\"F2S (s\u2019ouvre dans un nouvel onglet)\" href=\"http:\/\/www.f2s-asso.org\" target=\"_blank\">F2S<\/a>)<\/li>\n\n\n\n<li>Soci\u00e9t\u00e9 Fran\u00e7aise de Physique (<a rel=\"noreferrer noopener\" aria-label=\"SFP (s\u2019ouvre dans un nouvel onglet)\" href=\"https:\/\/www.sfpnet.fr\" target=\"_blank\">SFP<\/a>)<\/li>\n\n\n\n<li>European Physical Society (<a rel=\"noreferrer noopener\" aria-label=\"EPS (s\u2019ouvre dans un nouvel onglet)\" href=\"https:\/\/www.eps.org\" target=\"_blank\">EPS<\/a>)<\/li>\n\n\n\n<li>The Nuclear Physics Collaboration Committee (<a rel=\"noreferrer noopener\" aria-label=\"NuPECC (s\u2019ouvre dans un nouvel onglet)\" href=\"http:\/\/www.nupecc.org\" target=\"_blank\">NuPECC<\/a>), public awareness of Nuclear Science (<a href=\"http:\/\/www.nupecc.org\/pans\/\" target=\"_blank\" rel=\"noreferrer noopener\" aria-label=\"PANS (s\u2019ouvre dans un nouvel onglet)\">PANS<\/a>)<\/li>\n<\/ul>\n","protected":false},"excerpt":{"rendered":"<p>Cette page pr\u00e9sente un ensemble de liens vers des actions de communications en physique nucl\u00e9aire. Visites virtuelles de laboratoires: TV, Vid\u00e9os, radio, &#8230; M\u00e9diath\u00e8ques : Th\u00e9\u00e2tre : Actions de communications plus g\u00e9n\u00e9rales Blogs et s\u00e9ries: Enseignements et MOOCS : Soci\u00e9t\u00e9s scientifiques :<\/p>\n","protected":false},"author":6,"featured_media":0,"parent":0,"menu_order":0,"comment_status":"closed","ping_status":"closed","template":"","meta":{"footnotes":""},"class_list":["post-964","page","type-page","status-publish","hentry"],"_links":{"self":[{"href":"https:\/\/resanet.in2p3.fr\/index.php?rest_route=\/wp\/v2\/pages\/964","targetHints":{"allow":["GET"]}}],"collection":[{"href":"https:\/\/resanet.in2p3.fr\/index.php?rest_route=\/wp\/v2\/pages"}],"about":[{"href":"https:\/\/resanet.in2p3.fr\/index.php?rest_route=\/wp\/v2\/types\/page"}],"author":[{"embeddable":true,"href":"https:\/\/resanet.in2p3.fr\/index.php?rest_route=\/wp\/v2\/users\/6"}],"replies":[{"embeddable":true,"href":"https:\/\/resanet.in2p3.fr\/index.php?rest_route=%2Fwp%2Fv2%2Fcomments&post=964"}],"version-history":[{"count":7,"href":"https:\/\/resanet.in2p3.fr\/index.php?rest_route=\/wp\/v2\/pages\/964\/revisions"}],"predecessor-version":[{"id":1715,"href":"https:\/\/resanet.in2p3.fr\/index.php?rest_route=\/wp\/v2\/pages\/964\/revisions\/1715"}],"wp:attachment":[{"href":"https:\/\/resanet.in2p3.fr\/index.php?rest_route=%2Fwp%2Fv2%2Fmedia&parent=964"}],"curies":[{"name":"wp","href":"https:\/\/api.w.org\/{rel}","templated":true}]}}